**3 - a**2 + 3. Let n be x(0). Let g = n + w. List the prime factors of g.
3
Let k(x) = -x + 6. Let w be k(6). Suppose 2*j - 4*j + 60 = w. Suppose 2*f - j = -3*f. What are the prime factors of f?
2, 3
Suppose -5*d = -0*d. Let l(z) = z**2 + z + 13. Let b be l(d). Let f = -6 + b. What are the prime factors of f?
7
Let g = 174 + -117. List the prime factors of g.
3, 19
Let a be 3/(-2)*(-12)/9. Let s = 1 + a. Suppose -6*w = -s*w - 36. What are the prime factors of w?
2, 3
Let g = 20 - -4. List the prime factors of g.
2, 3
Let w be 15/(-20) + (-30)/(-8). Suppose -3*x = w, -j - 4*x - 38 = -3*j. What are the prime factors of j?
17
Suppose 152 = -0*m + 4*m. What are the prime factors of m?
2, 19
List the prime factors of (7 - -2) + (5 - 2).
2, 3
Let i(z) = z**3 - 3*z**2 - 2*z. What are the prime factors of i(5)?
2, 5
Suppose -3*t = 15, 5*w = 3*t + 2*t + 30. What are the prime factors of 132/18 - w/3?
7
Let z(u) = -3*u + 58. What are the prime factors of z(-26)?
2, 17
Let u(j) = j**2 + 2*j + 1. Let v be 9 + -2 - 2*1. Suppose 0 = -v*f - 3*i - 6, -21 = 4*f - i - 6. List the prime factors of u(f).
2
Let q be (-5 + 2)/(-3) + 3. Suppose 12 = -c + q*c. What are the prime factors of c?
2
Let b be -1*(1 - -1 - 3). Suppose -y + b - 7 = 0. Let a = y - -8. What are the prime factors of a?
2
Let p(w) = 4*w**2 - w - 8*w - 3*w**2 - 10. List the prime factors of p(11).
2, 3
Let m(j) = -4*j - 4. Let d be m(-6). Suppose 5*y + 0*f - 23 = 3*f, 4*y = 4*f + d. Suppose 0 = -2*h + y*l + 18, -5*l + 3*l + 4 = 0. List the prime factors of h.
13
Let q(r) = -3*r + 3. Let t be q(4). Let m be (-2)/t - (-237)/27. Suppose 0 = -o - 2*o + m. List the prime factors of o.
3
Suppose 5*k + 2*z = 9 + 13, k - 9 = -5*z. Suppose -2*t + 8*h - 13 = 3*h, -4*t = k*h - 44. Suppose 0 = -2*l + t + 4, 2*m = 5*l - 13. List the prime factors of m.
2, 3
Suppose -2*u = -3*c + u + 12, 2*u - 6 = 0. Suppose -2*s + 9 + c = 0. What are the prime factors of s?
2
Let j(u) = -u + 71. What are the prime factors of j(-13)?
2, 3, 7
Suppose 5*i = -h + 270, -i - 6*h + 58 = -5*h. What are the prime factors of i?
53
Suppose 7*a - 2*a + j - 33 = 0, -4*j + 24 = 2*a. Let u = a - 0. Let s = 13 - u. What are the prime factors of s?
7
Let s = 3 + -6. Let h = s + 7. List the prime factors of h.
2
List the prime factors of (-1)/(-2)*-2 + 4.
3
Let m(r) = -r + 8. Suppose 3*u + 3*y - 72 = 0, -15 = -5*y - 0*y. Suppose -u = -4*a - 5. What are the prime factors of m(a)?
2
Suppose -6 = -a - 4. Suppose -2*b = a*b - 8, -2*v = -2*b - 38. List the prime factors of v.
3, 7
Let w(z) = 2*z**3 + 2*z**2 - z - 2. What are the prime factors of w(2)?
2, 5
Let o(f) = -f**3 + 13*f**2 - 7*f + 41. List the prime factors of o(12).
101
Let q = 14 + 26. Suppose -2*i + q = 4*h, 5*i + 19 = 3*h + 80. List the prime factors of i.
2, 7
Let t(f) = 3*f + 1. Let c be t(1). List the prime factors of (50/(-15))/(c/(-6)).
5
Let o(v) be the second derivative of v**4/12 + 3*v**3/2 - 4*v**2 - 2*v. List the prime factors of o(-12).
2, 7
Suppose 328 = 3*m + 5*k - 0*k, 5*k = -2*m + 222. What are the prime factors of m?
2, 53
List the prime factors of (-18)/63 - (-466)/14.
3, 11
Suppose -3*c + 3 = -18. Let v(u) = u**2 - 8*u + 10. Let l be v(c). What are the prime factors of 20/6*l/1?
2, 5
Let b be (0 - -1)*(3 - 1). Suppose 12 = -0*s + b*s. Suppose 3*x - s = 9. What are the prime factors of x?
5
What are the prime factors of ((-53)/(-4))/((-18)/(-72))?
53
Suppose -3*l - 2*l + 17 = -v, -19 = -v - 4*l. List the prime factors of v.
3
Let r = 10 + 2. Let w be (-1)/(1/4*-1). List the prime factors of 146/r - w/24.
2, 3
Let m(c) = -c**3 + 4*c**2 + 8*c - 1. Let h be m(6). Let o = h + 35. List the prime factors of o.
2, 5
Suppose 0 = j + 3 - 4. List the prime factors of 17 - ((1 - j) + 0).
17
Let i = -8 - -28. List the prime factors of i.
2, 5
Suppose 5*f - 35 = 15. Let z be (f/(-15))/((-1)/(-9)). Let k = z - -9. What are the prime factors of k?
3
Let i = -3 + 8. Let w = -3 + i. Let n(z) = -z**2 + 4*z - 2. What are the prime factors of n(w)?
2
Suppose 31 = -5*s - c, 5*s - c = -0*s - 29. Let k be 4/(-3)*(-45)/s. What are the prime factors of (-108)/(-5) - (-6)/k?
3, 7
Let b = 150 - 104. What are the prime factors of b?
2, 23
Let y(u) = -u**3 - 4*u**2 - 3*u - 1. Let w = 3 + -13. Let t = w + 6. What are the prime factors of y(t)?
11
Suppose 0*w - 45 = -5*w. Let p = -1 + 4. Suppose -p*c + 39 - w = 0. What are the prime factors of c?
2, 5
Let a be 29 + -2 - 2/1. Suppose -a = -2*l - 7. List the prime factors of (-16)/6*l/(-2).
2, 3
Suppose 5*k = 5*g - 15, k + 6 = -k + 3*g. Let l = k - -6. Suppose 4*m - 33 = l. What are the prime factors of m?
3
Suppose -3*l + 3*p = -5 - 67, 2*l - 4*p = 44. Suppose 2 = 2*j + l. List the prime factors of j/15*(0 + -10).
2
Let j(c) = c**2 + 7*c + 4. Let h be j(-7). Suppose 0 = -q + h + 8. What are the prime factors of q?
2, 3
Let c be 220/35 - 4/14. List the prime factors of 4/c + (-20)/(-6).
2
List the prime factors of 18/63 - (-2388)/21.
2, 3, 19
Let u = -54 + 85. What are the prime factors of u?
31
Let b = 1 - -5. Let f = b + 4. List the prime factors of f.
2, 5
Let n = 167 - 87. Suppose 5*r - n + 25 = 0. Suppose r + 17 = 4*t. List the prime factors of t.
7
Suppose 0 = -2*i - 3*i + 275. Suppose -i = -3*z + 3*f - 2*f, 0 = 4*z - 4*f - 60. Suppose -u - z = -3*u. What are the prime factors of u?
2, 5
Let p be 2/(-5) - 246/(-15). Suppose -p = 2*y - 2. What are the prime factors of -1 + (2 - y) - -2?
2, 5
Suppose -4*w + 39 + 49 = 0. Suppose -39 = -4*s - p, -3*s - p + 8 + w = 0. List the prime factors of s.
3
Suppose 4*f - 1 = 11. Suppose 2*r = 4*s + 18, 2*s + 30 = f*r - s. List the prime factors of r.
11
Let l(x) = x + 7. Let h be l(0). Let c = 16 - h. List the prime factors of c.
3
Let y(k) = k**2 - 5*k - 4. Let g be y(6). Let a = -4 - -2. List the prime factors of (-2 + a)*-1 - g.
2
Suppose -5*z - 3*b = -8, 0 = -z + 2*b - 5 + 17. Suppose 0 = -5*x - 2*n + 114, -2*n + 86 = z*x - 3*n. What are the prime factors of x?
2, 11
Let a be (-5 + -5)*4/(-10). Suppose -a*p + 5 = -11. List the prime factors of p.
2
Let q(w) = w + 4. Let i be q(0). Suppose 3*a = -9, -2*a = -5*o - 4*a + i. What are the prime factors of (1 + 0)/(o/6)?
3
Let u be (-3)/((9/(-32))/3). Let g = 48 - u. List the prime factors of g.
2
Suppose -2*d - 315 = -7*d. Suppose -d = -3*m + 2*m. Suppose -9 = -y - q, -5*y - 2 = q - m. List the prime factors of y.
13
Let s(o) = -o**2 + 7*o - 5. Let c be s(7). Let i = -1 - c. Suppose 2*v + i*y = 0, 0*v - 5*y = v + 9. What are the prime factors of v?
2, 3
List the prime factors of (-22)/26 - -1 - (-137176)/338.
2, 7, 29
Let v be (-2)/(-5) + (-32)/(-20). Suppose 76 = 2*g + 3*o, 2*g + 3*o = -v*g + 140. List the prime factors of g.
2
Let c = 43 + -19. What are the prime factors of c?
2, 3
Suppose -12*r + 139 = -11*r. Suppose -r - 21 = -5*y. List the prime factors of y.
2
Suppose g - 48 = -g. What are the prime factors of g?
2, 3
Let h(z) = -z - 6. Let p be h(-6). Suppose p = k - 3*k + 30. Suppose 2*c + k = 5*c. List the prime factors of c.
5
Suppose 5*s + 1 = 2*f - 4, 2*f = 10. What are the prime factors of (1/s)/((-5)/(-40))?
2
Let d = 1 + -5. List the prime factors of 5 - 1 - (-6 - d).
2, 3
Suppose 4*x - 758 = -150. List the prime factors of x.
2, 19
Let k(n) = 13*n - 2. List the prime factors of k(4).
2, 5
Let b(s) = 5*s - 1. Let f be b(6). Let g be (-8)/32 - (-85)/4. Let c = f - g. What are the prime factors of c?
2
Let d = 3 + 0. Let p(l) = 2 + d*l - 4 + l. List the prime factors of p(3).
2, 5
Let b(j) = 5*j - 4. Suppose 0*x + x = -5. Let n(d) = -9*d + 8. Let k(s) = x*b(s) - 3*n(s). What are the prime factors of k(8)?
2, 3
Suppose 0 = 5*q - 49 - 11. Suppose 3*y - q - 3 = 0. Suppose 0 = -5*d + 3*t + 13 + 12, y*t - 25 = -5*d. What are the prime factors of d?
5
List the prime factors of 14/8*(-3 - -7).
7
Let j be 0*(0 - (-3)/(-9)). Let n = j + 22. List the prime factors of n.
2, 11
Let h(y) = y**3 + 24*y**2 + 10*y - 45. List the prime factors of h(-23).
2, 127
Let g(w) = w**2 + 8. List the prime factors of g(8).
2, 3
Suppose -z - 5*c = -2 - 20, 3*c = 2*z - 57. Suppose 0 = 2*p + p - z. List the prime factors of p.
3
Let g(j) = j**3 - 13*j**2 + 16*j + 11. What are the prime factors of g(12)?
59
Let x = -10 - 4. Let s = -46 + 45. What are the prime factors of